{"id":31222,"date":"2020-05-27T12:29:57","date_gmt":"2020-05-27T10:29:57","guid":{"rendered":"https:\/\/www.global-learning.ro\/cursuri-online\/?post_type=product&#038;p=31222"},"modified":"2024-05-23T10:19:39","modified_gmt":"2024-05-23T08:19:39","slug":"gramatica-limbii-romane","status":"publish","type":"product","link":"https:\/\/global-learning.ro\/cursuri-online\/produs\/gramatica-limbii-romane\/","title":{"rendered":"Curs online &#8211; Gramatica limbii romane &#8211; clasa a V-a"},"content":{"rendered":"<h3><em><strong>Curs limba romana online &#8211; Gramatica limbii romane &#8211; clasa a V-a<\/strong><\/em><\/h3>\n<p>Dragi p\u0103rin\u021bi, acest curs se adreseaz\u0103 elevilor de clasa a V-a \u0219i are ca scop fixarea no\u021biunilor despre substantiv, adjectiv, articol demonstrativ, articol hot\u0103r\u00e2t \u0219i nehot\u0103r\u00e2t \u0219i numeral, prin lec\u021bii video atractive, \u00een care profesorul ia fiecare detaliu, \u00eel explic\u0103 \u0219i vine apoi cu exemple \u0219i exerci\u021bii.<\/p>\n","protected":false},"excerpt":{"rendered":"<p>Dragi p\u0103rin\u021bi, acest curs se adreseaz\u0103 elevilor de clasa a V-a \u0219i are ca scop fixarea no\u021biunilor despre substantiv, adjectiv, articol demonstrativ, articol hot\u0103r\u00e2t \u0219i nehot\u0103r\u00e2t \u0219i numeral, prin lec\u021bii video atractive, \u00een care profesorul ia fiecare detaliu, \u00eel explic\u0103 \u0219i vine apoi cu exemple \u0219i exerci\u021bii.<\/p>\n<p><strong>Cursul se poate accesa doar online \u00een Platforma Global Learning, \u00een format .PDF, dup\u0103 achizi\u021bie, prin contul creat.<\/strong><\/p>\n","protected":false},"featured_media":32807,"comment_status":"open","ping_status":"closed","template":"","meta":{"_uag_custom_page_level_css":"","site-sidebar-layout":"default","site-content-layout":"default","ast-site-content-layout":"default","site-content-style":"default","site-sidebar-style":"default","ast-global-header-display":"","ast-banner-title-visibility":"","ast-main-header-display":"","ast-hfb-above-header-display":"","ast-hfb-below-header-display":"","ast-hfb-mobile-header-display":"","site-post-title":"","ast-breadcrumbs-content":"","ast-featured-img":"","footer-sml-layout":"","ast-disable-related-posts":"","theme-transparent-header-meta":"default","adv-header-id-meta":"","stick-header-meta":"","header-above-stick-meta":"","header-main-stick-meta":"","header-below-stick-meta":"","astra-migrate-meta-layouts":"set","ast-page-background-enabled":"default","ast-page-background-meta":{"desktop":{"background-color":"","background-image":"","background-repeat":"repeat","background-position":"center center","background-size":"auto","background-attachment":"scroll","background-type":"","background-media":"","overlay-type":"","overlay-color":"","overlay-opacity":"","overlay-gradient":""},"tablet":{"background-color":"","background-image":"","background-repeat":"repeat","background-position":"center center","background-size":"auto","background-attachment":"scroll","background-type":"","background-media":"","overlay-type":"","overlay-color":"","overlay-opacity":"","overlay-gradient":""},"mobile":{"background-color":"","background-image":"","background-repeat":"repeat","background-position":"center center","background-size":"auto","background-attachment":"scroll","background-type":"","background-media":"","overlay-type":"","overlay-color":"","overlay-opacity":"","overlay-gradient":""}},"ast-content-background-meta":{"desktop":{"background-color":"var(--ast-global-color-5)","background-image":"","background-repeat":"repeat","background-position":"center center","background-size":"auto","background-attachment":"scroll","background-type":"","background-media":"","overlay-type":"","overlay-color":"","overlay-opacity":"","overlay-gradient":""},"tablet":{"background-color":"var(--ast-global-color-5)","background-image":"","background-repeat":"repeat","background-position":"center center","background-size":"auto","background-attachment":"scroll","background-type":"","background-media":"","overlay-type":"","overlay-color":"","overlay-opacity":"","overlay-gradient":""},"mobile":{"background-color":"var(--ast-global-color-5)","background-image":"","background-repeat":"repeat","background-position":"center center","background-size":"auto","background-attachment":"scroll","background-type":"","background-media":"","overlay-type":"","overlay-color":"","overlay-opacity":"","overlay-gradient":""}}},"product_brand":[],"product_cat":[31],"product_tag":[],"class_list":{"0":"post-31222","1":"product","2":"type-product","3":"status-publish","4":"has-post-thumbnail","6":"product_cat-cursuri-romana","7":"desktop-align-left","8":"tablet-align-left","9":"mobile-align-left","11":"first","12":"instock","13":"virtual","14":"sold-individually","15":"purchasable","16":"product-type-simple"},"uagb_featured_image_src":{"full":["https:\/\/global-learning.ro\/cursuri-online\/wp-content\/uploads\/2020\/05\/produs-Gramatica-limbii-romane-partea-1-1-png.webp",1024,570,false],"thumbnail":["https:\/\/global-learning.ro\/cursuri-online\/wp-content\/uploads\/2020\/05\/produs-Gramatica-limbii-romane-partea-1-1-150x150.webp",150,150,true],"medium":["https:\/\/global-learning.ro\/cursuri-online\/wp-content\/uploads\/2020\/05\/produs-Gramatica-limbii-romane-partea-1-1-378x210.webp",378,210,true],"medium_large":["https:\/\/global-learning.ro\/cursuri-online\/wp-content\/uploads\/2020\/05\/produs-Gramatica-limbii-romane-partea-1-1-768x428.webp",768,428,true],"large":["https:\/\/global-learning.ro\/cursuri-online\/wp-content\/uploads\/2020\/05\/produs-Gramatica-limbii-romane-partea-1-1-987x549.webp",987,549,true],"1536x1536":["https:\/\/global-learning.ro\/cursuri-online\/wp-content\/uploads\/2020\/05\/produs-Gramatica-limbii-romane-partea-1-1-png.webp",1024,570,false],"2048x2048":["https:\/\/global-learning.ro\/cursuri-online\/wp-content\/uploads\/2020\/05\/produs-Gramatica-limbii-romane-partea-1-1-png.webp",1024,570,false],"mailpoet_newsletter_max":["https:\/\/global-learning.ro\/cursuri-online\/wp-content\/uploads\/2020\/05\/produs-Gramatica-limbii-romane-partea-1-1-png.webp",1024,570,false],"woocommerce_thumbnail":["https:\/\/global-learning.ro\/cursuri-online\/wp-content\/uploads\/2020\/05\/produs-Gramatica-limbii-romane-partea-1-1-285x159.webp",285,159,true],"woocommerce_single":["https:\/\/global-learning.ro\/cursuri-online\/wp-content\/uploads\/2020\/05\/produs-Gramatica-limbii-romane-partea-1-1-600x334.webp",600,334,true],"woocommerce_gallery_thumbnail":["https:\/\/global-learning.ro\/cursuri-online\/wp-content\/uploads\/2020\/05\/produs-Gramatica-limbii-romane-partea-1-1-100x100.webp",100,100,true]},"uagb_author_info":{"display_name":"admin","author_link":"https:\/\/global-learning.ro\/cursuri-online\/author\/"},"uagb_comment_info":1,"uagb_excerpt":"Dragi p\u0103rin\u021bi, acest curs se adreseaz\u0103 elevilor de clasa a V-a \u0219i are ca scop fixarea no\u021biunilor despre substantiv, adjectiv, articol demonstrativ, articol hot\u0103r\u00e2t \u0219i nehot\u0103r\u00e2t \u0219i numeral, prin lec\u021bii video atractive, \u00een care profesorul ia fiecare detaliu, \u00eel explic\u0103 \u0219i vine apoi cu exemple \u0219i exerci\u021bii. Cursul se poate accesa doar online \u00een Platforma&hellip;","_links":{"self":[{"href":"https:\/\/global-learning.ro\/cursuri-online\/wp-json\/wp\/v2\/product\/31222","targetHints":{"allow":["GET"]}}],"collection":[{"href":"https:\/\/global-learning.ro\/cursuri-online\/wp-json\/wp\/v2\/product"}],"about":[{"href":"https:\/\/global-learning.ro\/cursuri-online\/wp-json\/wp\/v2\/types\/product"}],"replies":[{"embeddable":true,"href":"https:\/\/global-learning.ro\/cursuri-online\/wp-json\/wp\/v2\/comments?post=31222"}],"wp:featuredmedia":[{"embeddable":true,"href":"https:\/\/global-learning.ro\/cursuri-online\/wp-json\/wp\/v2\/media\/32807"}],"wp:attachment":[{"href":"https:\/\/global-learning.ro\/cursuri-online\/wp-json\/wp\/v2\/media?parent=31222"}],"wp:term":[{"taxonomy":"product_brand","embeddable":true,"href":"https:\/\/global-learning.ro\/cursuri-online\/wp-json\/wp\/v2\/product_brand?post=31222"},{"taxonomy":"product_cat","embeddable":true,"href":"https:\/\/global-learning.ro\/cursuri-online\/wp-json\/wp\/v2\/product_cat?post=31222"},{"taxonomy":"product_tag","embeddable":true,"href":"https:\/\/global-learning.ro\/cursuri-online\/wp-json\/wp\/v2\/product_tag?post=31222"}],"curies":[{"name":"wp","href":"https:\/\/api.w.org\/{rel}","templated":true}]}}