{"id":35017,"date":"2021-04-24T09:29:01","date_gmt":"2021-04-24T07:29:01","guid":{"rendered":"https:\/\/www.global-learning.ro\/cursuri-online\/?post_type=product&#038;p=35017"},"modified":"2024-05-23T10:20:56","modified_gmt":"2024-05-23T08:20:56","slug":"atelier-de-compuneri","status":"publish","type":"product","link":"https:\/\/global-learning.ro\/cursuri-online\/produs\/atelier-de-compuneri\/","title":{"rendered":"Atelier de Compuneri"},"content":{"rendered":"<h2><em><strong>Atelier de Compuneri<\/strong><\/em><\/h2>\n<p>Dragi p\u0103rin\u021bi, copiilor dumneavoastr\u0103 le este greu s\u0103 scrie compuneri? Au impresia c\u0103 pentru aceasta este nevoie de talent sau de inspira\u021bie special\u0103? Acest produs \u00eei va \u00eenv\u0103\u021ba tehnica scrierii unei compuneri, merg\u00e2nd prin etapele logice, identificarea situa\u021biei, schi\u021b\u0103, plan de idei \u0219i, \u00een final, compunerea. PAS CU PAS 10 compuneri de la schi\u021b\u0103 la compunerea final\u0103 vor fi prezentate copiilor pentru a vedea exact CUM. Nu talentul, ci logica \u0219i tehnica ajut\u0103 copilul s\u0103 redacteze texte extraordinare.<\/p>\n","protected":false},"excerpt":{"rendered":"<p>Dragi p\u0103rin\u021bi, copiilor dumneavoastr\u0103 le este greu s\u0103 scrie compuneri? Au impresia c\u0103 pentru aceasta este nevoie de talent sau de inspira\u021bie special\u0103? Acest produs \u00eei va \u00eenv\u0103\u021ba tehnica scrierii unei compuneri, merg\u00e2nd prin etapele logice, identificarea situa\u021biei, schi\u021b\u0103, plan de idei \u0219i, \u00een final, compunerea.<\/p>\n<p><strong>Cursul se poate accesa doar online \u00een Platforma Global Learning, \u00een format .PDF, dup\u0103 achizi\u021bie, prin contul creat.<\/strong><\/p>\n","protected":false},"featured_media":35860,"comment_status":"open","ping_status":"closed","template":"","meta":{"_uag_custom_page_level_css":"","site-sidebar-layout":"default","site-content-layout":"default","ast-site-content-layout":"default","site-content-style":"default","site-sidebar-style":"default","ast-global-header-display":"","ast-banner-title-visibility":"","ast-main-header-display":"","ast-hfb-above-header-display":"","ast-hfb-below-header-display":"","ast-hfb-mobile-header-display":"","site-post-title":"","ast-breadcrumbs-content":"","ast-featured-img":"","footer-sml-layout":"","ast-disable-related-posts":"","theme-transparent-header-meta":"default","adv-header-id-meta":"","stick-header-meta":"","header-above-stick-meta":"","header-main-stick-meta":"","header-below-stick-meta":"","astra-migrate-meta-layouts":"set","ast-page-background-enabled":"default","ast-page-background-meta":{"desktop":{"background-color":"","background-image":"","background-repeat":"repeat","background-position":"center center","background-size":"auto","background-attachment":"scroll","background-type":"","background-media":"","overlay-type":"","overlay-color":"","overlay-opacity":"","overlay-gradient":""},"tablet":{"background-color":"","background-image":"","background-repeat":"repeat","background-position":"center center","background-size":"auto","background-attachment":"scroll","background-type":"","background-media":"","overlay-type":"","overlay-color":"","overlay-opacity":"","overlay-gradient":""},"mobile":{"background-color":"","background-image":"","background-repeat":"repeat","background-position":"center center","background-size":"auto","background-attachment":"scroll","background-type":"","background-media":"","overlay-type":"","overlay-color":"","overlay-opacity":"","overlay-gradient":""}},"ast-content-background-meta":{"desktop":{"background-color":"var(--ast-global-color-5)","background-image":"","background-repeat":"repeat","background-position":"center center","background-size":"auto","background-attachment":"scroll","background-type":"","background-media":"","overlay-type":"","overlay-color":"","overlay-opacity":"","overlay-gradient":""},"tablet":{"background-color":"var(--ast-global-color-5)","background-image":"","background-repeat":"repeat","background-position":"center center","background-size":"auto","background-attachment":"scroll","background-type":"","background-media":"","overlay-type":"","overlay-color":"","overlay-opacity":"","overlay-gradient":""},"mobile":{"background-color":"var(--ast-global-color-5)","background-image":"","background-repeat":"repeat","background-position":"center center","background-size":"auto","background-attachment":"scroll","background-type":"","background-media":"","overlay-type":"","overlay-color":"","overlay-opacity":"","overlay-gradient":""}}},"product_brand":[],"product_cat":[31],"product_tag":[63,61,62],"class_list":{"0":"post-35017","1":"product","2":"type-product","3":"status-publish","4":"has-post-thumbnail","6":"product_cat-cursuri-romana","7":"product_tag-atelier-de-compuneri","8":"product_tag-atelier-de-compuneri-global-learning","9":"product_tag-planuri-de-idei","10":"desktop-align-left","11":"tablet-align-left","12":"mobile-align-left","14":"first","15":"instock","16":"virtual","17":"purchasable","18":"product-type-simple"},"uagb_featured_image_src":{"full":["https:\/\/global-learning.ro\/cursuri-online\/wp-content\/uploads\/2021\/04\/Atelier-de-Compuneri-jpg.webp",987,549,false],"thumbnail":["https:\/\/global-learning.ro\/cursuri-online\/wp-content\/uploads\/2021\/04\/Atelier-de-Compuneri-jpg-150x150.webp",150,150,true],"medium":["https:\/\/global-learning.ro\/cursuri-online\/wp-content\/uploads\/2021\/04\/Atelier-de-Compuneri-jpg-378x210.webp",378,210,true],"medium_large":["https:\/\/global-learning.ro\/cursuri-online\/wp-content\/uploads\/2021\/04\/Atelier-de-Compuneri-jpg-768x427.webp",768,427,true],"large":["https:\/\/global-learning.ro\/cursuri-online\/wp-content\/uploads\/2021\/04\/Atelier-de-Compuneri-jpg.webp",987,549,false],"1536x1536":["https:\/\/global-learning.ro\/cursuri-online\/wp-content\/uploads\/2021\/04\/Atelier-de-Compuneri-jpg.webp",987,549,false],"2048x2048":["https:\/\/global-learning.ro\/cursuri-online\/wp-content\/uploads\/2021\/04\/Atelier-de-Compuneri-jpg.webp",987,549,false],"mailpoet_newsletter_max":["https:\/\/global-learning.ro\/cursuri-online\/wp-content\/uploads\/2021\/04\/Atelier-de-Compuneri-jpg.webp",987,549,false],"woocommerce_thumbnail":["https:\/\/global-learning.ro\/cursuri-online\/wp-content\/uploads\/2021\/04\/Atelier-de-Compuneri-jpg-285x159.webp",285,159,true],"woocommerce_single":["https:\/\/global-learning.ro\/cursuri-online\/wp-content\/uploads\/2021\/04\/Atelier-de-Compuneri-jpg-600x334.webp",600,334,true],"woocommerce_gallery_thumbnail":["https:\/\/global-learning.ro\/cursuri-online\/wp-content\/uploads\/2021\/04\/Atelier-de-Compuneri-jpg-100x100.webp",100,100,true]},"uagb_author_info":{"display_name":"admin","author_link":"https:\/\/global-learning.ro\/cursuri-online\/author\/"},"uagb_comment_info":0,"uagb_excerpt":"Dragi p\u0103rin\u021bi, copiilor dumneavoastr\u0103 le este greu s\u0103 scrie compuneri? Au impresia c\u0103 pentru aceasta este nevoie de talent sau de inspira\u021bie special\u0103? Acest produs \u00eei va \u00eenv\u0103\u021ba tehnica scrierii unei compuneri, merg\u00e2nd prin etapele logice, identificarea situa\u021biei, schi\u021b\u0103, plan de idei \u0219i, \u00een final, compunerea. Cursul se poate accesa doar online \u00een Platforma Global&hellip;","_links":{"self":[{"href":"https:\/\/global-learning.ro\/cursuri-online\/wp-json\/wp\/v2\/product\/35017","targetHints":{"allow":["GET"]}}],"collection":[{"href":"https:\/\/global-learning.ro\/cursuri-online\/wp-json\/wp\/v2\/product"}],"about":[{"href":"https:\/\/global-learning.ro\/cursuri-online\/wp-json\/wp\/v2\/types\/product"}],"replies":[{"embeddable":true,"href":"https:\/\/global-learning.ro\/cursuri-online\/wp-json\/wp\/v2\/comments?post=35017"}],"wp:featuredmedia":[{"embeddable":true,"href":"https:\/\/global-learning.ro\/cursuri-online\/wp-json\/wp\/v2\/media\/35860"}],"wp:attachment":[{"href":"https:\/\/global-learning.ro\/cursuri-online\/wp-json\/wp\/v2\/media?parent=35017"}],"wp:term":[{"taxonomy":"product_brand","embeddable":true,"href":"https:\/\/global-learning.ro\/cursuri-online\/wp-json\/wp\/v2\/product_brand?post=35017"},{"taxonomy":"product_cat","embeddable":true,"href":"https:\/\/global-learning.ro\/cursuri-online\/wp-json\/wp\/v2\/product_cat?post=35017"},{"taxonomy":"product_tag","embeddable":true,"href":"https:\/\/global-learning.ro\/cursuri-online\/wp-json\/wp\/v2\/product_tag?post=35017"}],"curies":[{"name":"wp","href":"https:\/\/api.w.org\/{rel}","templated":true}]}}