{"id":56879,"date":"2024-10-02T15:37:37","date_gmt":"2024-10-02T13:37:37","guid":{"rendered":"https:\/\/global-learning.ro\/cursuri-online\/?post_type=product&#038;p=56879"},"modified":"2025-10-17T18:27:23","modified_gmt":"2025-10-17T15:27:23","slug":"pregatire-examen-cambridge-certificat-fce-b2","status":"publish","type":"product","link":"https:\/\/global-learning.ro\/cursuri-online\/produs\/pregatire-examen-cambridge-certificat-fce-b2\/","title":{"rendered":"Preg\u0103tire Examen Cambridge \u2013 Certificat FCE \u2013 B2"},"content":{"rendered":"<p><code><\/code>Curs de limba englez\u0103 de preg\u0103tire complet\u0103 pentru examenul Cambridge \u00een vederea ob\u021binerii certificatului FCE &#8211; B2.<\/p>\r\n<p>Acesta este un MODUL INTENSIV de preg\u0103tire pentru examenul FCE:<\/p>\r\n<ul>\r\n\t<li>Examen: 10 mai 2025;<\/li>\r\n\t<li>Speaking: 02 &#8211; 11 mai 2025;<\/li>\r\n\t<li>Paper Based | For Schools;<\/li>\r\n\t<li>\u00censcrieri: 10 &#8211; 23 martie 2025.<\/li>\r\n<\/ul>\r\n<p><strong>Produsul CON\u021aINE:<\/strong><\/p>\r\n<p><strong>PACHETUL MATERIALELE DE STUDIU:<\/strong><\/p>\r\n<ol>\r\n\t<li>MATERIALELE DE STUDIU adaptate modelului materialelor de examinare &#8211; 200 lei (Doar aceste materiale de studiu se achit\u0103 online aici.) (Cursul cu profesor se achit\u0103 separat.).<\/li>\r\n<\/ol>\r\n<p>sau<\/p>\r\n<p><strong>PACHETUL COMPLET:<\/strong><\/p>\r\n<ol>\r\n\t<li>MATERIALELE DE STUDIU adaptate modelului materialelor de examinare &#8211; 200 lei (Doar aceste materiale de studiu se achit\u0103 online aici.) (Cursul cu profesor se achit\u0103 separat.).<\/li>\r\n\t<li>CURS CU PROFESOR &#8211; ONLINE (ZOOM) &#8211; 16 \u0219edin\u021be a 2 ore \u0219edin\u021ba (se va achita conform contractului primit de le Global Learning la cererea dumneavoastr\u0103 de \u00eenscriere trimis\u0103 la <a href=\"mailto:info@global-learning.ro\">info@global-learning.ro<\/a>).<\/li>\r\n<\/ol>\r\n<p>Particip\u0103 pe toat\u0103 durata modulului la toate cursurile pentru cele 4 probe: reading, writing, speaking and listening.<\/p>\r\n<p>\u2713 Abordare integral\u0103, se vor lucra materiale dup\u0103 modelul celor de la examen!<\/p>\r\n<p>\u2713 Dac\u0103 vei lipsi, vei primi un link unde vei g\u0103si timp de 48 de ore \u0219edin\u021ba \u00eenregistrat\u0103!<\/p>\r\n<p>\u2713 Materiale \u0219i mentori la dispozi\u021bia ta!<\/p>\r\n<p>\u2713 Cuprinde \u0219i recapitulare a gramaticii!<\/p>\r\n<p>\u2713 Cuprinde recomand\u0103ri personalizate de \u00eenv\u0103\u021bare!<\/p>\r\n<p>\u2713 Cuprinde o sesiune exclusiv\u0103 de simulare a examenului!<\/p>\r\n<p>&nbsp;<\/p>\r\n<p><strong>Taxa de examinare nu intr\u0103 \u00een acest cost. Pe aceasta o pl\u0103te\u015fte cursantul numai dac\u0103 dore\u015fte \u00eenscrierea la examenul de la British Council, \u00eenscriere pe care o vom efectua \u00een perioada 10 &#8211; 23 martie 2025 \u015fi are un pre\u0163 separat, stabilit de Centrul de Examinare British Council.<\/strong><\/p>\r\n<p><\/p><!-- \/wp:post-content -->","protected":false},"excerpt":{"rendered":"<p>In functie de pachetul ales.<\/p>\n<p>Curs de limba englez\u0103 de preg\u0103tire complet\u0103 pentru examenul Cambridge \u00een vederea ob\u021binerii certificatului FCE &#8211; B2.<\/p>\n<p><!-- \/wp:list --><\/p>\n<p><strong>Cursul se poate accesa doar online \u00een Platforma Global Learning, \u00een format online, dup\u0103 achizi\u021bie, prin contul creat.<\/strong><\/p>\n","protected":false},"featured_media":57276,"comment_status":"open","ping_status":"closed","template":"","meta":{"_uag_custom_page_level_css":"","site-sidebar-layout":"default","site-content-layout":"default","ast-site-content-layout":"default","site-content-style":"default","site-sidebar-style":"default","ast-global-header-display":"","ast-banner-title-visibility":"","ast-main-header-display":"","ast-hfb-above-header-display":"","ast-hfb-below-header-display":"","ast-hfb-mobile-header-display":"","site-post-title":"","ast-breadcrumbs-content":"","ast-featured-img":"","footer-sml-layout":"","ast-disable-related-posts":"","theme-transparent-header-meta":"default","adv-header-id-meta":"","stick-header-meta":"","header-above-stick-meta":"","header-main-stick-meta":"","header-below-stick-meta":"","astra-migrate-meta-layouts":"set","ast-page-background-enabled":"default","ast-page-background-meta":{"desktop":{"background-color":"","background-image":"","background-repeat":"repeat","background-position":"center center","background-size":"auto","background-attachment":"scroll","background-type":"","background-media":"","overlay-type":"","overlay-color":"","overlay-opacity":"","overlay-gradient":""},"tablet":{"background-color":"","background-image":"","background-repeat":"repeat","background-position":"center center","background-size":"auto","background-attachment":"scroll","background-type":"","background-media":"","overlay-type":"","overlay-color":"","overlay-opacity":"","overlay-gradient":""},"mobile":{"background-color":"","background-image":"","background-repeat":"repeat","background-position":"center center","background-size":"auto","background-attachment":"scroll","background-type":"","background-media":"","overlay-type":"","overlay-color":"","overlay-opacity":"","overlay-gradient":""}},"ast-content-background-meta":{"desktop":{"background-color":"var(--ast-global-color-5)","background-image":"","background-repeat":"repeat","background-position":"center center","background-size":"auto","background-attachment":"scroll","background-type":"","background-media":"","overlay-type":"","overlay-color":"","overlay-opacity":"","overlay-gradient":""},"tablet":{"background-color":"var(--ast-global-color-5)","background-image":"","background-repeat":"repeat","background-position":"center center","background-size":"auto","background-attachment":"scroll","background-type":"","background-media":"","overlay-type":"","overlay-color":"","overlay-opacity":"","overlay-gradient":""},"mobile":{"background-color":"var(--ast-global-color-5)","background-image":"","background-repeat":"repeat","background-position":"center center","background-size":"auto","background-attachment":"scroll","background-type":"","background-media":"","overlay-type":"","overlay-color":"","overlay-opacity":"","overlay-gradient":""}}},"product_brand":[],"product_cat":[26],"product_tag":[],"class_list":{"0":"post-56879","1":"product","2":"type-product","3":"status-publish","4":"has-post-thumbnail","6":"product_cat-cursuri-engleza","7":"desktop-align-left","8":"tablet-align-left","9":"mobile-align-left","11":"first","12":"instock","13":"shipping-taxable","14":"purchasable","15":"product-type-variable"},"uagb_featured_image_src":{"full":["https:\/\/global-learning.ro\/cursuri-online\/wp-content\/uploads\/2024\/10\/Pregatire-Examen-Cambridge-\u2013-Certificat-FCE-\u2013-B2.avif",1024,570,false],"thumbnail":["https:\/\/global-learning.ro\/cursuri-online\/wp-content\/uploads\/2024\/10\/Pregatire-Examen-Cambridge-\u2013-Certificat-FCE-\u2013-B2-150x150.avif",150,150,true],"medium":["https:\/\/global-learning.ro\/cursuri-online\/wp-content\/uploads\/2024\/10\/Pregatire-Examen-Cambridge-\u2013-Certificat-FCE-\u2013-B2-378x210.avif",378,210,true],"medium_large":["https:\/\/global-learning.ro\/cursuri-online\/wp-content\/uploads\/2024\/10\/Pregatire-Examen-Cambridge-\u2013-Certificat-FCE-\u2013-B2-768x428.avif",768,428,true],"large":["https:\/\/global-learning.ro\/cursuri-online\/wp-content\/uploads\/2024\/10\/Pregatire-Examen-Cambridge-\u2013-Certificat-FCE-\u2013-B2-987x549.avif",987,549,true],"1536x1536":["https:\/\/global-learning.ro\/cursuri-online\/wp-content\/uploads\/2024\/10\/Pregatire-Examen-Cambridge-\u2013-Certificat-FCE-\u2013-B2.avif",1024,570,false],"2048x2048":["https:\/\/global-learning.ro\/cursuri-online\/wp-content\/uploads\/2024\/10\/Pregatire-Examen-Cambridge-\u2013-Certificat-FCE-\u2013-B2.avif",1024,570,false],"mailpoet_newsletter_max":["https:\/\/global-learning.ro\/cursuri-online\/wp-content\/uploads\/2024\/10\/Pregatire-Examen-Cambridge-\u2013-Certificat-FCE-\u2013-B2.avif",1024,570,false],"woocommerce_thumbnail":["https:\/\/global-learning.ro\/cursuri-online\/wp-content\/uploads\/2024\/10\/Pregatire-Examen-Cambridge-\u2013-Certificat-FCE-\u2013-B2-285x159.avif",285,159,true],"woocommerce_single":["https:\/\/global-learning.ro\/cursuri-online\/wp-content\/uploads\/2024\/10\/Pregatire-Examen-Cambridge-\u2013-Certificat-FCE-\u2013-B2-600x334.avif",600,334,true],"woocommerce_gallery_thumbnail":["https:\/\/global-learning.ro\/cursuri-online\/wp-content\/uploads\/2024\/10\/Pregatire-Examen-Cambridge-\u2013-Certificat-FCE-\u2013-B2-100x100.avif",100,100,true]},"uagb_author_info":{"display_name":"SEO Undesigned","author_link":"https:\/\/global-learning.ro\/cursuri-online\/author\/"},"uagb_comment_info":0,"uagb_excerpt":"In functie de pachetul ales. Curs de limba englez\u0103 de preg\u0103tire complet\u0103 pentru examenul Cambridge \u00een vederea ob\u021binerii certificatului FCE - B2. Cursul se poate accesa doar online \u00een Platforma Global Learning, \u00een format online, dup\u0103 achizi\u021bie, prin contul creat.","_links":{"self":[{"href":"https:\/\/global-learning.ro\/cursuri-online\/wp-json\/wp\/v2\/product\/56879","targetHints":{"allow":["GET"]}}],"collection":[{"href":"https:\/\/global-learning.ro\/cursuri-online\/wp-json\/wp\/v2\/product"}],"about":[{"href":"https:\/\/global-learning.ro\/cursuri-online\/wp-json\/wp\/v2\/types\/product"}],"replies":[{"embeddable":true,"href":"https:\/\/global-learning.ro\/cursuri-online\/wp-json\/wp\/v2\/comments?post=56879"}],"wp:featuredmedia":[{"embeddable":true,"href":"https:\/\/global-learning.ro\/cursuri-online\/wp-json\/wp\/v2\/media\/57276"}],"wp:attachment":[{"href":"https:\/\/global-learning.ro\/cursuri-online\/wp-json\/wp\/v2\/media?parent=56879"}],"wp:term":[{"taxonomy":"product_brand","embeddable":true,"href":"https:\/\/global-learning.ro\/cursuri-online\/wp-json\/wp\/v2\/product_brand?post=56879"},{"taxonomy":"product_cat","embeddable":true,"href":"https:\/\/global-learning.ro\/cursuri-online\/wp-json\/wp\/v2\/product_cat?post=56879"},{"taxonomy":"product_tag","embeddable":true,"href":"https:\/\/global-learning.ro\/cursuri-online\/wp-json\/wp\/v2\/product_tag?post=56879"}],"curies":[{"name":"wp","href":"https:\/\/api.w.org\/{rel}","templated":true}]}}